t d be i/66 - 2/(-3). Calculate the greatest common factor of p and d.
14
Let a = 10 + -10. Let d(x) = -x + 30. Let n be d(a). Calculate the greatest common factor of n and 45.
15
Let i be 2/(-9) - (-145)/45. Suppose 0 = -3*j - i, j - 2 = -2*z + 3. Suppose 405 = 5*n + 4*q, z*q = 4*q. What is the highest common factor of n and 9?
9
Let d = 0 - -6. Suppose 4*f - d = 14. Let s = -8 + 13. What is the highest common factor of s and f?
5
Suppose -t - 30 = -4*t. Let c = 4 + -1. Suppose t = -c*j + 5*j. What is the greatest common factor of 5 and j?
5
Let q be (-2)/(-2 - (-31)/15). Let l be q/(-25)*80/6. Calculate the highest common factor of 80 and l.
16
Suppose 0 = -5*y - 5*i + 190, y - 4*i - 93 = -2*y. Calculate the greatest common divisor of y and 14.
7
Let d(f) = -f**2 - 7*f + 2. Suppose b = 5*r - 2*r - 3, -4*b - 23 = -r. Let n be d(b). Let u = 123 - 67. What is the greatest common factor of n and u?
8
Let q = 1 - -1. Suppose d = -2*h + 1, 28 = q*d - 5*h - 19. Suppose 5*v = -20, -l - 2*v + 79 = -d. Calculate the highest common divisor of 14 and l.
14
Let w be 2 - 1 - (4 - 5). Suppose 2*n + 82 = 4*n + w*h, 191 = 4*n - 5*h. What is the greatest common factor of 4 and n?
4
Let a(i) = -3*i - 7*i + 3*i + i**2 - 1. Let h be a(9). Calculate the highest common factor of h and 68.
17
Let x = 16 + -6. What is the highest common divisor of x and 2?
2
Let i = 263 - 188. Let q be 15/9*-1*-15. What is the greatest common factor of q and i?
25
Suppose 7*d - 10*d = -198. What is the greatest common divisor of 99 and d?
33
Suppose 44 + 65 = 5*i + j, -5*i + 108 = 2*j. Suppose -2*b + i = 3*q, 3*b + 42 = 4*q - q. What is the greatest common factor of 15 and q?
5
Let y be (-66)/3 + -2 + -1. Let t = 2 - y. What is the greatest common divisor of 9 and t?
9
Suppose -3*j + 11 = -4. Calculate the greatest common factor of 5 and j.
5
Let h be (6 - 3 - 1)*82/4. What is the highest common divisor of h and 123?
41
Let n be 22/4 + 12/(-8). Suppose 0*s + 2*s = n*g - 54, 2*g + 2*s = 36. Let a = -6 + 11. Calculate the highest common divisor of a and g.
5
Let v = 53 - -44. Suppose -3*r + 25 = -4*l, 0*l + 5*l + 35 = 5*r. Suppose -r*y + v = 25. What is the highest common divisor of y and 8?
8
Let p be 4/(-6)*33/(-2). Let s(w) = 10*w + 2. Let d be s(2). What is the greatest common divisor of p and d?
11
Let g = 12 - 9. Suppose -4*t - 728 = -4*y, -3*y + 0*t = 2*t - 561. Suppose -3*d - y = -5*f, f = -g*d - d + 60. What is the greatest common divisor of 10 and f?
10
Let f be ((-80)/6)/1*-3. Suppose 4*n + 3*r - 16 = 16, 4*n + r = f. Let w be -1 - (12/21)/(26/(-91)). What is the highest common divisor of w and n?
1
Let l be -1 + 4 - -2 - 1. Suppose 0 = l*p - 60 - 20. What is the highest common divisor of 5 and p?
5
Let i = -81 - -87. Let x = 5 - -7. Calculate the greatest common factor of i and x.
6
Let w = 47 - 23. Let m be (20/(-16))/(2/(-16)). Suppose 6*g + w = m*g. Calculate the greatest common factor of 15 and g.
3
Let q(v) = -7*v**2 + 5*v + 47. Let z(o) = -4*o**2 + 3*o + 23. Let l(s) = 3*q(s) - 5*z(s). Let c be l(0). Calculate the greatest common factor of c and 13.
13
Let w = 1627 - 757. Suppose 4*c + 82 - w = 0. Let f = -116 + c. Calculate the greatest common factor of 9 and f.
9
Suppose -5*v = -0*v - 4*i - 42, -v = -5*i - 21. Suppose 2*x + 45 = 3*k + 5*x, 3*x - 9 = 0. Calculate the highest common divisor of k and v.
6
Let k = -79 - -85. What is the greatest common divisor of 6 and k?
6
Let v be 2 + 246/14 + (-24)/42. Let u be (-3)/(-1) + (0 - -1). Let x be 2 + 2 + u*v. What is the greatest common divisor of 10 and x?
10
Suppose -8 = -x + 5*x, k = -4*x - 2. Let p be (12/2)/((-12)/(-8)). Suppose -p*b + 162 = -b. What is the highest common factor of b and k?
6
Let d(l) = l**2 - 3*l - 3. Let r be d(6). Calculate the highest common divisor of r and 6.
3
Suppose -u + 9 = -81. Suppose -2*c + 0*c + u = 0. Let z = 7 + 2. What is the highest common factor of z and c?
9
Let i be 675/18 + 2/4. Suppose i = 4*b - z, b - 4*z = -z + 15. Calculate the highest common divisor of b and 27.
9
Suppose -4 = 2*h - 6. Let q = 10 + h. What is the greatest common factor of 99 and q?
11
Let x(l) = -l**3 + 2*l**2 + l + 2. Let f be x(2). Suppose -1 = m - 4*m - f*d, 3*m = -3*d. Let j = 2 - m. What is the highest common factor of 12 and j?
3
Let s be 0/2 + (11 - 7). Suppose -12 = -o - 2*o. Calculate the greatest common factor of o and s.
4
Let v = -17 - -29. Suppose -3*n = f - 3 + 5, -4*n + 12 = 5*f. Let l be n/6 + (-545)/(-15). Calculate the highest common divisor of v and l.
12
Suppose 9 = -3*f, 4*u - 5*f = 113 + 46. Suppose -71 = -5*i + 49. What is the highest common divisor of u and i?
12
Let h = 0 - -11. Let d = 23 + -12. Calculate the greatest common divisor of h and d.
11
Suppose 28 = 5*k - 3*u, 4*k = -8*u + 3*u + 52. Calculate the greatest common factor of 8 and k.
8
Let c(k) = k + 47. Let t be c(0). Let y = 83 - t. Calculate the greatest common divisor of 24 and y.
12
Suppose -2*u + 72 = 4*w, -6*u + 88 = -4*u - 4*w. Calculate the highest common divisor of 4 and u.
4
Suppose -3*b = -0*b - 3, -i + 42 = 5*b. Calculate the greatest common divisor of i and 111.
37
Let m(n) = -n**3 - 5*n**2 + 5*n + 6. Suppose 4*p + 8 = -4*b - 32, p = 2*b + 2. Let a be m(p). What is the highest common divisor of a and 6?
6
Let k = 60 + -20. Suppose -2*d + 6 = -2, 4*b = 4*d. Suppose 6 = -3*o, b*o - 5 = -f + 3. Calculate the highest common factor of f and k.
8
Let k(u) = 5*u + 16. Let s be k(8). What is the highest common divisor of 8 and s?
8
Let b(w) = w + 1. Let n be b(-9). Let u be (9/4)/(n/(-128)). Calculate the greatest common divisor of 54 and u.
18
Suppose 4 = 4*n, 7*d - 6 = 3*d + 2*n. Suppose -64 = -3*b - d*b + 4*i, -8 = -b + 2*i. Calculate the highest common factor of 144 and b.
16
Let z = 19 + -9. What is the greatest common divisor of z and 30?
10
Let g be 24/(-10) - (-9)/(-15). Let p be g/((-12)/(-16))*-20. Calculate the highest common factor of p and 8.
8
Suppose 0 = 8*t - 54 - 586. Calculate the highest common factor of t and 20.
20
Let w be (-14)/(-8) - (-4)/16. Suppose 2*s - 20 = -g, 0*s = -4*g - w*s + 50. What is the greatest common factor of g and 2?
2
Let z = 11 + -5. Let s(d) = d + 30. Let u be s(18). Calculate the greatest common divisor of z and u.
6
Let l = -22 - -225. Calculate the greatest common factor of l and 29.
29
Let q be (5/(-2))/(4/(704/(-4))). What is the highest common divisor of 44 and q?
22
Suppose 0*s + 18*s = 720. What is the highest common factor of s and 5?
5
Let b = 12 + -11. Let u be (-2 + 128/4)*b. Calculate the highest common factor of u and 75.
15
Let s be 196/12 - 2/6. Suppose -5*z + 2*r = -2*r - 18, z + 3*r + 4 = 0. What is the greatest common factor of z and s?
2
Suppose -54 = -3*k + 2*v, -5*k + v + 89 = -2*v. Let r = 26 - k. Calculate the highest common factor of 2 and r.
2
Suppose 0 = -a + 1 - 4. Let y = a + 7. Suppose 0 = y*j + 4*k + 16 - 112, -88 = -3*j + k. What is the greatest common divisor of 7 and j?
7
Let r = -1 + 5. Let v(d) = -d**3 + 4*d**2 + 3*d - 2. Let g be v(r). What is the highest common factor of g and 4?
2
Let n(z) = -7*z - 1. Let g be n(-1). Suppose -7*l + 14 = -3*l + 3*p, 4*p - 18 = -5*l. What is the greatest common divisor of g and l?
2
Let g(i) = -i**2 + 5*i + 2. Let s be g(4). Suppose -2*m + m - 15 = 0. Let y = -11 - m. Calculate the greatest common factor of y and s.
2
Let f be 8/(1/(5 + -1)). Let m(i) = 4*i**3 + i**2 - i. Let v be m(1). What is the highest common divisor of f and v?
4
Let l be (0/(-2))/(-2 - -1). Suppose l = -4*n + 59 + 37. What is the greatest common divisor of 12 and n?
12
Let w be (-52)/(-6)*3/2. Let h(n) = -n**2 + 3*n + 1. Let j be h(3). Let b be ((-12)/j)/((-3)/26). Calculate the greatest common divisor of b and w.
13
Let g = 1 - 1. Let d be (-1)/(1 - (g + 2)). What is the greatest common divisor of d and 8?
1
Let g = -25 - -15. Let y be (-2)/(-10) - (-192)/g. Let i = y + 27. What is the greatest common divisor of 20 and i?
4
Let l = -10 + 15. Let p(a) be the first derivative of a**2/2 + 4*a + 7. Let y be p(6). What is the highest common factor of l and y?
5
Suppose 5*t + 2*g + 2*g = 76, -2*g + 62 = 4*t. What is the highest common divisor of 80 and t?
16
Let a be (1 + 2 - 2)*37. What is the highest common divisor of 222 and a?
